9, -3*t = -x - 6. What are the prime factors of x/(-4)*(-276)/18?
23
Suppose 2*o + g = o, 3*o + g = -6. List the prime factors of (-2)/o*3 + 26.
2, 7
Let j(b) = 3*b + 2. Let x(r) = -r. Let d(h) = -j(h) + 2*x(h). Let z be d(-1). What are the prime factors of z + (-1 - -3) + 32?
37
Suppose -2*z + 14 = c + 2*c, 2*c + 5*z - 13 = 0. Suppose -4*v + 2 = n, c*v + n + n = 0. Suppose -179 - v = -5*j. List the prime factors of j.
2, 3
Let w = 9297 - 5526. What are the prime factors of w?
3, 419
Suppose -h = 2*q - 558, -3*h + 52 = -5*q + 1425. Suppose -4*x - 218 = -2*w, -2*w - w - 4*x = -q. List the prime factors of w.
3, 11
Suppose -2*v + 3077 = 295. Suppose 5*y = 3069 + v. What are the prime factors of 4/30 - y/(-60)?
3, 5
Suppose z - 4*i - 262 = -0*z, 2*i - 730 = -3*z. Suppose 2*h - 369 = -3*j, -z = j - 3*j + 5*h. List the prime factors of j.
3, 41
Let s(q) be the second derivative of q**4/6 - 2*q**3/3 - 3*q**2 + 9*q. What are the prime factors of s(8)?
2, 3, 5
Suppose -14*s + 2*s + 588 = 0. What are the prime factors of s?
7
Suppose -6*b = -512 - 196. List the prime factors of b.
2, 59
Let w(d) = 3*d**2 - 5*d + 7. Let o(l) = -3*l**2 + 5*l - 8. Let x(g) = 3*o(g) + 4*w(g). What are the prime factors of x(2)?
2, 3
Let a = 47 + -32. Suppose 12*l + 30 = a*l. What are the prime factors of l?
2, 5
Suppose 0 = 3*w + 2285 - 9911. What are the prime factors of w?
2, 31, 41
Let c(x) = -x**3 - 10*x**2 - 9*x + 7. Let b be c(-9). Suppose -p = -4*t + 6 + b, p = -t + 7. List the prime factors of t/(-6)*69/(-2).
23
Let a(w) = 4*w - 8. Let s be a(10). Let c = -26 + s. Suppose 5*l + 37 = c*l. What are the prime factors of l?
37
Let l = -88 - -93. Suppose -221 = -3*o + l*c, 3*o = 5*o + c - 156. List the prime factors of o.
7, 11
Let r be (-1)/5 + (-4 - (-32)/10). What are the prime factors of (6 + -5)*(117 + r)?
2, 29
Suppose 2*a + n - 6 = 5*n, 0 = n - 1. Suppose a*g = 348 - 128. List the prime factors of g.
2, 11
Let c be (140/(-6))/7*-78. Suppose 0 = -8*k + c + 380. List the prime factors of k.
2, 5
Suppose q - 105 = -4*q. Suppose -s = -5*l + 42, 0 = -5*l + 2*l + 2*s + q. Let v = 26 - l. What are the prime factors of v?
17
Let r = -20 - -22. What are the prime factors of r/11 + 427/11?
3, 13
Suppose -19 = g - 5*g + u, -1 = -4*g - 5*u. Suppose 3*r - 405 = h, g*h + 546 = 3*r + 132. What are the prime factors of r?
2, 67
What are the prime factors of (-84)/(-3)*(-442)/(-91)*2?
2, 17
Let l = -1617 + 1854. What are the prime factors of l?
3, 79
Let m = 13803 + -8704. List the prime factors of m.
5099
Let t = -72 - -324. Suppose 0 = 3*b + b - t. What are the prime factors of 990/b - (-4)/14?
2
Let u = 185 + -112. Let i = u + -23. What are the prime factors of i?
2, 5
Suppose 0 = 53*i - 50*i - 1932. List the prime factors of i.
2, 7, 23
Suppose 32*y = -0*y + 4608. List the prime factors of y.
2, 3
Let v be ((-15)/(-25))/((-2)/(-40)*2). Suppose 0*i - 2*m = -3*i + 38, -v = -3*m. What are the prime factors of i?
2, 7
Let q(s) = s**2 + 2*s - 1. Let r be q(4). Let v = -21 + r. Let a(j) = -j + 4. List the prime factors of a(v).
2
Suppose 6*t = -2*t - 440. Let c = t + 64. List the prime factors of c.
3
Suppose 0 = -4*d - d + 5. Let p be (-6)/2 + 22 + d. Let u = 30 - p. List the prime factors of u.
2, 5
Suppose -3*x + 1 + 8 = 0. Suppose -x*c = -5*c - 6. List the prime factors of 81/12 - c/12.
7
Suppose 0*z + 4*z = 188. Let s(n) = n**3 + 4*n**2 - 6*n - 1. Let l be s(-5). Suppose -2*g - z = -l*g + 3*c, -7 = -g - 4*c. List the prime factors of g.
19
Suppose 2*l - 5*b - 6601 = 0, 74*b + 3263 = l + 79*b. List the prime factors of l.
2, 3, 137
Let d(z) = z**3 + 5*z**2 - 3*z - 4. Let h be d(-4). Suppose -2*x = -38 - h. What are the prime factors of x?
31
Suppose 2*k - 3319 = -3*b, -4*k + 2202 = 16*b - 14*b. List the prime factors of b.
1109
Suppose 2*h - 384 = -h. Let s = -196 + h. Let t = -25 - s. List the prime factors of t.
43
Suppose 2*i - 12 - 2 = 0. Let w(k) = -k**3 + 7*k**2 + k - 1. Let x be w(i). Let f(r) = r + 5. List the prime factors of f(x).
11
Suppose -3*s = s - 536. Let t = -96 + s. What are the prime factors of t?
2, 19
Let s(g) = g**3 + 16*g**2 - 12*g + 129. What are the prime factors of s(-17)?
2, 11
Let s = -5 - -7. Suppose s*u = 5*u - 15. Suppose -3*w + 47 = v, -u*w + v = -21 - 60. What are the prime factors of w?
2
Suppose 2*u - 5*d + 188 = 0, -3*u + 4*d = -d + 272. Let q = 29 + u. Let z = -37 - q. What are the prime factors of z?
2, 3
Suppose 0 = 2*a - 69 + 19. Suppose 20*x + 835 = a*x. List the prime factors of x.
167
Let s be (4/(-12) + 1)*3. Let t = s - -4. Suppose t*a - 192 = -0*a. List the prime factors of a.
2
Let j(b) = -b**2. Let o(l) = 54*l**2 + 5*l - 4. Let a(t) = 4*j(t) + o(t). What are the prime factors of a(2)?
2, 103
Suppose -7*i + 759 = -711. Suppose -14*f + i = -12*f. What are the prime factors of f?
3, 5, 7
Let j = 2094 + 1015. What are the prime factors of j?
3109
Suppose 0 = -3*v + 4*r - 14, -3*r + 1 = -14. Suppose -v*t + 39 = -t. Suppose -s + t = 3. What are the prime factors of s?
2, 3
Suppose -i + 2766 = 5*p, i - 3*p - 661 = 2129. List the prime factors of i.
3, 103
Let y(d) = -10*d - 12. Suppose -2*z + 28 = -4*a + 2*z, 4*a - 5*z + 28 = 0. What are the prime factors of y(a)?
2, 29
Let f(w) = -w**3 - 22*w**2 + 33*w + 18. Let a be f(-23). Let j = 432 + a. List the prime factors of j.
2, 5, 11
Suppose -14*n + 4 = -13*n. Suppose n*w = -3*w + 280. What are the prime factors of w?
2, 5
Let f(w) = -w**3 + w**2 + 2*w - 15. Let q be f(0). Let o(m) = -m**2 - 15*m + 7. Let k be o(q). Suppose k = 5*x - 148. What are the prime factors of x?
31
Suppose 98*s + 295 = 2157. What are the prime factors of s?
19
Let j = -452 + 719. What are the prime factors of j?
3, 89
Let k = 1695 + -1005. List the prime factors of k.
2, 3, 5, 23
Suppose 9*a - 4 - 23 = 0. Suppose 4*b + 275 = a*p, b + 4*b = 3*p - 280. List the prime factors of p.
5, 17
Let o(w) = 13*w + 1. Let k be o(3). Suppose c - 2*v = 2*v, -4*v = c - k. List the prime factors of c.
2, 5
Let o = -1 - -4. Suppose -12 + o = 5*a - z, 0 = -2*a + 4*z. What are the prime factors of (38/(-57))/(a/93)?
31
Let b = 87 + -85. Suppose -3*w - 339 = -b*p, 0*p + 5*w = -2*p + 347. What are the prime factors of p?
3, 19
Suppose -m + 7*m - 18 = 0. Suppose 3*p = -j + 2 - 160, -2*p = m*j + 110. Let g = -19 - p. What are the prime factors of g?
3, 11
Let q = -1554 + 3117. List the prime factors of q.
3, 521
Let h(q) = 3*q**3 + 10*q**2 + 21*q - 1. List the prime factors of h(11).
3, 1811
Suppose 5*a - 7*j - 4101 = -4*j, -a - j + 817 = 0. List the prime factors of a.
3, 7, 13
Suppose -i + 4*k - 2*k = 4, -i + k = 0. Suppose 0*b - i*b = -12. Suppose 4*z - b*z - 47 = 0. List the prime factors of z.
47
Let v(r) = 30*r + 2. Let y be v(-4). Let m(g) = 21*g + 47. Let b be m(-6). Let c = b - y. What are the prime factors of c?
3, 13
Let o(y) be the second derivative of y**5/20 + 2*y**4/3 - 5*y**3/3 - y**2/2 - 19*y. List the prime factors of o(4).
151
Suppose -3*m - 324 = -2*q, 4*q - 1039 = -5*m - 391. List the prime factors of q.
2, 3
Suppose 0 = -5*u + 3421 + 1269. List the prime factors of u.
2, 7, 67
Suppose -5*p = 3*w - 3571, 143 = 3*p - 3*w - 1990. What are the prime factors of p?
23, 31
Suppose 3*y = 4*l - 72, -2*y - 13 = -4*l + 55. List the prime factors of ((-3)/(-6) - l/(-6)) + 288.
3, 97
Let a(r) = r**3 + 8*r**2 - r - 10. Let v(n) = -2*n - 7. Let f be v(-5). Suppose 3*w + 33 = -3*k, -3*w + 0*w + f*k - 9 = 0. List the prime factors of a(w).
2, 23
Let g(n) = n**3 - 4*n**2 + 3*n. Let v(h) = -3*h**3 + 13*h**2 - 10*h + 1. Let y(w) = 7*g(w) + 2*v(w). Suppose -2*x = -0*x. What are the prime factors of y(x)?
2
Suppose -1801*j = -1796*j - 19495. List the prime factors of j.
7, 557
Let a(q) = 4*q**2 - q + 4. Let v(k) = 5*k**3 + 2*k**2 - k. Let b be v(1). Let p be 6/(-3)*(-9)/b. List the prime factors of a(p).
37
Suppose 3*k - 4*n - 2 = -2*k, 5*n = -k + 12. List the prime factors of 0/3 - (k - 0) - -114.
2, 7
Let o = -59 + 59. Suppose o = 12*w - 56 - 244. List the prime factors of w.
5
Let k = -26 + 41. Let h be 5*((-81)/k)/(-3). Suppose -27 = -h*o + 6*o. List the prime factors of o.
3
Let d be (-8)/6*30/20 - -10. Suppose r - 206 = h + 3*h, 0 = 4*h + d. What are the prime factors of r?
2, 3, 11
Let i be -14*(8 - 8 - (-2 + 3)). What are the 